{"id":1175,"date":"2019-07-23T14:33:51","date_gmt":"2019-07-23T12:33:51","guid":{"rendered":"https:\/\/christina-peter.de\/shop\/?post_type=product&#038;p=1175"},"modified":"2024-01-08T12:14:33","modified_gmt":"2024-01-08T11:14:33","slug":"xvolume-volumizing-hair-bath","status":"publish","type":"product","link":"https:\/\/christina-peter.de\/shop\/product\/xvolume-volumizing-hair-bath\/","title":{"rendered":"OWAY xVolume Volumizing Hair Bath"},"content":{"rendered":"<div class=\"wpb-content-wrapper\"><p>[vc_row][vc_column][vc_column_text]<\/p>\n<header>\n<header>\n<header>\n<header>\n<header>\n<header>\n<header>\n<h3 class=\"prod-banner-title\">TONIFIZIERENDES UND VOLUMEN SPENDENDES STYLING<\/h3>\n<\/header>\n<div class=\"prod-banner-text abstract htmlcontent\">\n<p><b>Eine Methode, die entwickelt wurde, um schlaffem Haar wieder Energie zu verleihen, die von den Wurzeln bis zu den Spitzen sofort f\u00fcr Volumen sorgt.\u00a0<\/b><\/p>\n<p>Ideal f\u00fcr all jene, die ihr Haar nach dem Stylen als besonders schwer empfinden, sehr feines Haar haben, bei dem das Styling nicht lange anh\u00e4lt, und f\u00fcr alle, die gerne Volumen in den Haarwurzeln h\u00e4tten, es auf nat\u00fcrliche Weise jedoch nicht erreichen. Perfekt, um Leichtigkeit und Halt zugleich zu verleihen.<\/p>\n<p>Feines und d\u00fcnnes Haar ist empfindlicher gegen\u00fcber Umwelteinfl\u00fcssen und elektrostatischer Ladung. Aus diesem Grund halten Frisuren nur sehr schlecht. Um das Aussehen zu verbessern sind gezielte und leichte Formulierungen erforderlich, die das Haar sanft reinigen und sein Volumen, seine Kraft und seine Dichte st\u00e4rken. Oway Xvolume Volumizing Hair Bath besteht aus einer milden und leicht feuchtigkeitsspendenden Haarw\u00e4sche, die das Haar reinigt und ihm Tonus verleiht, sowie aus einem Spray, das das Haar schon in der Haarwurzel anhebt. Das Haar erscheint st\u00e4rker und elastischer und erh\u00e4lt seine F\u00fclle und sein Volumen zur\u00fcck.<\/p>\n<\/div>\n<header><\/header>\n<\/header>\n<\/header>\n<\/header>\n<\/header>\n<section><\/section>\n<section><\/section>\n<section><\/section>\n<section><\/section>\n<section><\/section>\n<\/header>\n<\/header>\n<p>[\/vc_column_text][vc_empty_space height=&#8220;32&#8243;][vc_separator][vc_empty_space][\/vc_column][\/vc_row][vc_row type=&#8220;boxed&#8220; content_placement=&#8220;middle&#8220;][vc_column width=&#8220;1\/2&#8243; css=&#8220;.vc_custom_1462135333419{padding-top: 28px !important;padding-bottom: 28px !important;}&#8220;][vc_custom_heading text=&#8220;Extrakt aus biodynamischer Schafgarbe&#8220; font_container=&#8220;tag:h3|text_align:left&#8220; use_theme_fonts=&#8220;yes&#8220;][vc_empty_space height=&#8220;15px&#8220;][vc_column_text]Die Schafgarbe wirkt stimulierend, verbessert die Blutzirkulation und beg\u00fcnstigt das Wachstum von gesundem Haar. Diese Wirkung ist auf das Vorhandensein von Flavonoiden zur\u00fcckzuf\u00fchren, die dabei helfen die normale Gesundheit der Kapillaren aufrechtzuerhalten.[\/vc_column_text][vc_empty_space][\/vc_column][vc_column width=&#8220;1\/2&#8243;][vc_single_image image=&#8220;1954&#8243; img_size=&#8220;full&#8220; alignment=&#8220;right&#8220;][vc_empty_space][\/vc_column][\/vc_row][vc_row css=&#8220;.vc_custom_1461961652033{border-top-width: 1px !important;border-top-color: #eeeeee !important;border-top-style: solid !important;}&#8220;][vc_column][\/vc_column][\/vc_row][vc_row type=&#8220;boxed&#8220; content_placement=&#8220;middle&#8220; el_class=&#8220;nm-row-flex-col-reverse&#8220;][vc_column width=&#8220;1\/2&#8243; css=&#8220;.vc_custom_1462135341599{padding-top: 28px !important;padding-bottom: 28px !important;}&#8220;][vc_custom_heading text=&#8220;Extrakt aus Bio-Ingwer&#8220; font_container=&#8220;tag:h3|text_align:left&#8220; use_theme_fonts=&#8220;yes&#8220;][vc_empty_space height=&#8220;15px&#8220;][vc_column_text]Verst\u00e4rkt das Haar, indem der Mikrozyklus, der am meisten Blutgef\u00e4\u00dfe bildet, stimuliert und die Zufuhr von N\u00e4hrstoffen beg\u00fcnstigt wird. In der ayurvedischen Tradition gilt Ingwer als ein Gew\u00fcrz, mit dem das Haarwachstum stimuliert wird.[\/vc_column_text][\/vc_column][vc_column width=&#8220;1\/2&#8243;][vc_empty_space][vc_single_image image=&#8220;1953&#8243; img_size=&#8220;full&#8220;][vc_empty_space][\/vc_column][\/vc_row][vc_row css=&#8220;.vc_custom_1461961652033{border-top-width: 1px !important;border-top-color: #eeeeee !important;border-top-style: solid !important;}&#8220;][vc_column][\/vc_column][\/vc_row][vc_row type=&#8220;boxed&#8220; content_placement=&#8220;middle&#8220;][vc_column width=&#8220;1\/2&#8243; css=&#8220;.vc_custom_1462135350237{padding-top: 28px !important;padding-bottom: 28px !important;}&#8220;][vc_custom_heading text=&#8220;Extrakt aus fair gehandeltem Lila Reis&#8220; font_container=&#8220;tag:h3|text_align:left&#8220; use_theme_fonts=&#8220;yes&#8220;][vc_empty_space height=&#8220;15px&#8220;][vc_column_text]Auch als KHAO GRAM bezeichnet, stammt der Lila Reis urspr\u00fcnglich aus tropischen und subtropischen L\u00e4ndern in S\u00fcdasien. Er ist besonders reich an Anthocyanen, die ihm seine typische lila Farbe verleihen. Au\u00dferdem verf\u00fcgt er \u00fcber eine herausragende antioxidierende Wirkung und hilft dabei, das Haar vor Umwelteinfl\u00fcssen zu sch\u00fctzen.[\/vc_column_text][\/vc_column][vc_column width=&#8220;1\/2&#8243;][vc_empty_space][vc_single_image image=&#8220;1952&#8243; img_size=&#8220;full&#8220; alignment=&#8220;right&#8220;][vc_empty_space][\/vc_column][\/vc_row][vc_row][vc_column][vc_column_text]<\/p>\n<p>[\/vc_column_text][\/vc_column][\/vc_row]<\/p>\n<\/div>","protected":false},"excerpt":{"rendered":"<p>Volumenspendende Haarw\u00e4sche f\u00fcr feines, lebloses Haar ohne Tonus.<\/p>\n<p>[vc_column][vc_accordion collapsible=&#8220;yes&#8220;][vc_accordion_tab title=&#8220;Vorteile&#8220;][vc_column_text]<\/p>\n<article class=\"panel panel-default\">\n<div id=\"acco-Benefici\" class=\"panel-collapse collapse in\">\n<div class=\"panel-body htmlcontent\">\n<article class=\"panel panel-default\">\n<div id=\"acco-IstruzioniUso\" class=\"panel-collapse collapse in\">\n<div class=\"panel-body htmlcontent\">\n<p>Im feuchten Haar verteilen, einmassieren und aussp\u00fclen.<\/p>\n<\/div>\n<\/div>\n<\/article>\n<\/div>\n<\/div>\n<\/article>\n<p>[\/vc_column_text][\/vc_accordion_tab][vc_accordion_tab title=&#8220;Anwendung des Produkts&#8220;][vc_column_text]<\/p>\n<p>Auf das gewaschene, handtuchtrockene Haar auftragen und gleichm\u00e4\u00dfig verteilen. Stylen.<\/p>\n<p>[\/vc_column_text][\/vc_accordion_tab][vc_accordion_tab title=&#8220;Wirkstoffe&#8220;][vc_column_text]<\/p>\n<p><b>Biodynamische Schafgarbe<\/b>\u00a0&#8211;\u00a0Stimuliert die Mikrozirkulation, verbessert die Gesundheit und verleiht der Haarstruktur mehr Kraft.<\/p>\n<p><b>Biologischer Ingwer<\/b>\u00a0&#8211;\u00a0Abschwellend und antioxidierend verf\u00fcgt er \u00fcber stimulierende, kl\u00e4rende und antiseptische Eigenschaften.<\/p>\n<p><b>Lila Reis aus fairem Handel<\/b>\u00a0&#8211;\u00a0Reich an Anthocyanen, die ihm seine typische lila Farbe verleihen, ist er ideal f\u00fcr feines, zerbrechliches und zerfasertes Haar, dem er seine Kraft und seine St\u00e4rke zur\u00fcckgibt.<\/p>\n<p>[\/vc_column_text][\/vc_accordion_tab][vc_accordion_tab title=&#8220;Enth\u00e4lt nicht&#8220;][vc_column_text]<\/p>\n<p>SLS &amp; SLES \/ PARABENE \/ PETROLATE\/ PEG, PG &amp; BBG \/ EDTA \/ SYNTHETISCHE DUFTSTOFFE \/ K\u00dcNSTLICHE FARBSTOFFE<\/p>\n<p>[\/vc_column_text][\/vc_accordion_tab][vc_accordion_tab title=&#8220;pH Wert&#8220;][vc_column_text]<\/p>\n<p>4,0 \u2013 5,0<\/p>\n<p>[\/vc_column_text][\/vc_accordion_tab]<\/p>\n<p>[\/vc_accordion][\/vc_column]<\/p>\n","protected":false},"featured_media":1177,"template":"","meta":{"_uf_show_specific_survey":0,"_uf_disable_surveys":false},"product_brand":[],"product_cat":[54,62],"product_tag":[],"class_list":{"0":"post-1175","1":"product","2":"type-product","3":"status-publish","4":"has-post-thumbnail","6":"product_cat-haarpflege","7":"product_cat-xvolume","8":"pa_groesse-240ml","10":"first","11":"instock","12":"taxable","13":"shipping-taxable","14":"purchasable","15":"product-type-variable"},"yoast_head":"<!-- This site is optimized with the Yoast SEO plugin v27.5 - https:\/\/yoast.com\/product\/yoast-seo-wordpress\/ -->\n<title>OWAY xVolume Volumizing Hair Bath - OWAY Shop<\/title>\n<meta name=\"description\" content=\"Kaufen OWAY xVolume Volumizing Hair Bath online im Oway Shop zu den besten Preisen. Holen pflanzlichen, biologischen und nachhaltigen Haarpflegeprodukte. Besuchen jetzt!\" \/>\n<meta name=\"robots\" content=\"index, follow, max-snippet:-1, max-image-preview:large, max-video-preview:-1\" \/>\n<link rel=\"canonical\" href=\"https:\/\/christina-peter.de\/shop\/product\/xvolume-volumizing-hair-bath\/\" \/>\n<meta property=\"og:locale\" content=\"de_DE\" \/>\n<meta property=\"og:type\" content=\"article\" \/>\n<meta property=\"og:title\" content=\"OWAY xVolume Volumizing Hair Bath - OWAY Shop\" \/>\n<meta property=\"og:description\" content=\"Kaufen OWAY xVolume Volumizing Hair Bath online im Oway Shop zu den besten Preisen. Holen pflanzlichen, biologischen und nachhaltigen Haarpflegeprodukte. Besuchen jetzt!\" \/>\n<meta property=\"og:url\" content=\"https:\/\/christina-peter.de\/shop\/product\/xvolume-volumizing-hair-bath\/\" \/>\n<meta property=\"og:site_name\" content=\"Oway Produkte online kaufen - pflanzliche, biologische &amp; nachhaltige Haarpflegeprodukte\" \/>\n<meta property=\"article:modified_time\" content=\"2024-01-08T11:14:33+00:00\" \/>\n<meta property=\"og:image\" content=\"https:\/\/christina-peter.de\/shop\/wp-content\/uploads\/2019\/07\/volumizing_hair_g-1.jpg\" \/>\n\t<meta property=\"og:image:width\" content=\"1600\" \/>\n\t<meta property=\"og:image:height\" content=\"1560\" \/>\n\t<meta property=\"og:image:type\" content=\"image\/jpeg\" \/>\n<meta name=\"twitter:card\" content=\"summary_large_image\" \/>\n<meta name=\"twitter:label1\" content=\"Gesch\u00e4tzte Lesezeit\" \/>\n\t<meta name=\"twitter:data1\" content=\"3\u00a0Minuten\" \/>\n<script type=\"application\/ld+json\" class=\"yoast-schema-graph\">{\"@context\":\"https:\\\/\\\/schema.org\",\"@graph\":[{\"@type\":\"WebPage\",\"@id\":\"https:\\\/\\\/christina-peter.de\\\/shop\\\/product\\\/xvolume-volumizing-hair-bath\\\/\",\"url\":\"https:\\\/\\\/christina-peter.de\\\/shop\\\/product\\\/xvolume-volumizing-hair-bath\\\/\",\"name\":\"OWAY xVolume Volumizing Hair Bath - OWAY Shop\",\"isPartOf\":{\"@id\":\"https:\\\/\\\/christina-peter.de\\\/shop\\\/#website\"},\"primaryImageOfPage\":{\"@id\":\"https:\\\/\\\/christina-peter.de\\\/shop\\\/product\\\/xvolume-volumizing-hair-bath\\\/#primaryimage\"},\"image\":{\"@id\":\"https:\\\/\\\/christina-peter.de\\\/shop\\\/product\\\/xvolume-volumizing-hair-bath\\\/#primaryimage\"},\"thumbnailUrl\":\"https:\\\/\\\/christina-peter.de\\\/shop\\\/wp-content\\\/uploads\\\/2019\\\/07\\\/volumizing_hair_g-1.jpg\",\"datePublished\":\"2019-07-23T12:33:51+00:00\",\"dateModified\":\"2024-01-08T11:14:33+00:00\",\"description\":\"Kaufen OWAY xVolume Volumizing Hair Bath online im Oway Shop zu den besten Preisen. Holen pflanzlichen, biologischen und nachhaltigen Haarpflegeprodukte. Besuchen jetzt!\",\"breadcrumb\":{\"@id\":\"https:\\\/\\\/christina-peter.de\\\/shop\\\/product\\\/xvolume-volumizing-hair-bath\\\/#breadcrumb\"},\"inLanguage\":\"de\",\"potentialAction\":[{\"@type\":\"ReadAction\",\"target\":[\"https:\\\/\\\/christina-peter.de\\\/shop\\\/product\\\/xvolume-volumizing-hair-bath\\\/\"]}]},{\"@type\":\"ImageObject\",\"inLanguage\":\"de\",\"@id\":\"https:\\\/\\\/christina-peter.de\\\/shop\\\/product\\\/xvolume-volumizing-hair-bath\\\/#primaryimage\",\"url\":\"https:\\\/\\\/christina-peter.de\\\/shop\\\/wp-content\\\/uploads\\\/2019\\\/07\\\/volumizing_hair_g-1.jpg\",\"contentUrl\":\"https:\\\/\\\/christina-peter.de\\\/shop\\\/wp-content\\\/uploads\\\/2019\\\/07\\\/volumizing_hair_g-1.jpg\",\"width\":1600,\"height\":1560},{\"@type\":\"BreadcrumbList\",\"@id\":\"https:\\\/\\\/christina-peter.de\\\/shop\\\/product\\\/xvolume-volumizing-hair-bath\\\/#breadcrumb\",\"itemListElement\":[{\"@type\":\"ListItem\",\"position\":1,\"name\":\"Startseite\",\"item\":\"https:\\\/\\\/christina-peter.de\\\/shop\\\/\"},{\"@type\":\"ListItem\",\"position\":2,\"name\":\"Home\",\"item\":\"https:\\\/\\\/christina-peter.de\\\/shop\\\/\"},{\"@type\":\"ListItem\",\"position\":3,\"name\":\"OWAY xVolume Volumizing Hair Bath\"}]},{\"@type\":\"WebSite\",\"@id\":\"https:\\\/\\\/christina-peter.de\\\/shop\\\/#website\",\"url\":\"https:\\\/\\\/christina-peter.de\\\/shop\\\/\",\"name\":\"Oway Produkte online kaufen - pflanzliche, biologische &amp; nachhaltige Haarpflegeprodukte\",\"description\":\"Bei uns finden sie alles rund ums gesunde Haar. Wir vertreiben ausschlie\u00dflich pflanzliche, biologische &amp; nachhaltige Haarpflegeprodukte von Oway.\",\"potentialAction\":[{\"@type\":\"SearchAction\",\"target\":{\"@type\":\"EntryPoint\",\"urlTemplate\":\"https:\\\/\\\/christina-peter.de\\\/shop\\\/?s={search_term_string}\"},\"query-input\":{\"@type\":\"PropertyValueSpecification\",\"valueRequired\":true,\"valueName\":\"search_term_string\"}}],\"inLanguage\":\"de\"}]}<\/script>\n<!-- \/ Yoast SEO plugin. -->","yoast_head_json":{"title":"OWAY xVolume Volumizing Hair Bath - OWAY Shop","description":"Kaufen OWAY xVolume Volumizing Hair Bath online im Oway Shop zu den besten Preisen. Holen pflanzlichen, biologischen und nachhaltigen Haarpflegeprodukte. Besuchen jetzt!","robots":{"index":"index","follow":"follow","max-snippet":"max-snippet:-1","max-image-preview":"max-image-preview:large","max-video-preview":"max-video-preview:-1"},"canonical":"https:\/\/christina-peter.de\/shop\/product\/xvolume-volumizing-hair-bath\/","og_locale":"de_DE","og_type":"article","og_title":"OWAY xVolume Volumizing Hair Bath - OWAY Shop","og_description":"Kaufen OWAY xVolume Volumizing Hair Bath online im Oway Shop zu den besten Preisen. Holen pflanzlichen, biologischen und nachhaltigen Haarpflegeprodukte. Besuchen jetzt!","og_url":"https:\/\/christina-peter.de\/shop\/product\/xvolume-volumizing-hair-bath\/","og_site_name":"Oway Produkte online kaufen - pflanzliche, biologische &amp; nachhaltige Haarpflegeprodukte","article_modified_time":"2024-01-08T11:14:33+00:00","og_image":[{"width":1600,"height":1560,"url":"https:\/\/christina-peter.de\/shop\/wp-content\/uploads\/2019\/07\/volumizing_hair_g-1.jpg","type":"image\/jpeg"}],"twitter_card":"summary_large_image","twitter_misc":{"Gesch\u00e4tzte Lesezeit":"3\u00a0Minuten"},"schema":{"@context":"https:\/\/schema.org","@graph":[{"@type":"WebPage","@id":"https:\/\/christina-peter.de\/shop\/product\/xvolume-volumizing-hair-bath\/","url":"https:\/\/christina-peter.de\/shop\/product\/xvolume-volumizing-hair-bath\/","name":"OWAY xVolume Volumizing Hair Bath - OWAY Shop","isPartOf":{"@id":"https:\/\/christina-peter.de\/shop\/#website"},"primaryImageOfPage":{"@id":"https:\/\/christina-peter.de\/shop\/product\/xvolume-volumizing-hair-bath\/#primaryimage"},"image":{"@id":"https:\/\/christina-peter.de\/shop\/product\/xvolume-volumizing-hair-bath\/#primaryimage"},"thumbnailUrl":"https:\/\/christina-peter.de\/shop\/wp-content\/uploads\/2019\/07\/volumizing_hair_g-1.jpg","datePublished":"2019-07-23T12:33:51+00:00","dateModified":"2024-01-08T11:14:33+00:00","description":"Kaufen OWAY xVolume Volumizing Hair Bath online im Oway Shop zu den besten Preisen. Holen pflanzlichen, biologischen und nachhaltigen Haarpflegeprodukte. Besuchen jetzt!","breadcrumb":{"@id":"https:\/\/christina-peter.de\/shop\/product\/xvolume-volumizing-hair-bath\/#breadcrumb"},"inLanguage":"de","potentialAction":[{"@type":"ReadAction","target":["https:\/\/christina-peter.de\/shop\/product\/xvolume-volumizing-hair-bath\/"]}]},{"@type":"ImageObject","inLanguage":"de","@id":"https:\/\/christina-peter.de\/shop\/product\/xvolume-volumizing-hair-bath\/#primaryimage","url":"https:\/\/christina-peter.de\/shop\/wp-content\/uploads\/2019\/07\/volumizing_hair_g-1.jpg","contentUrl":"https:\/\/christina-peter.de\/shop\/wp-content\/uploads\/2019\/07\/volumizing_hair_g-1.jpg","width":1600,"height":1560},{"@type":"BreadcrumbList","@id":"https:\/\/christina-peter.de\/shop\/product\/xvolume-volumizing-hair-bath\/#breadcrumb","itemListElement":[{"@type":"ListItem","position":1,"name":"Startseite","item":"https:\/\/christina-peter.de\/shop\/"},{"@type":"ListItem","position":2,"name":"Home","item":"https:\/\/christina-peter.de\/shop\/"},{"@type":"ListItem","position":3,"name":"OWAY xVolume Volumizing Hair Bath"}]},{"@type":"WebSite","@id":"https:\/\/christina-peter.de\/shop\/#website","url":"https:\/\/christina-peter.de\/shop\/","name":"Oway Produkte online kaufen - pflanzliche, biologische &amp; nachhaltige Haarpflegeprodukte","description":"Bei uns finden sie alles rund ums gesunde Haar. Wir vertreiben ausschlie\u00dflich pflanzliche, biologische &amp; nachhaltige Haarpflegeprodukte von Oway.","potentialAction":[{"@type":"SearchAction","target":{"@type":"EntryPoint","urlTemplate":"https:\/\/christina-peter.de\/shop\/?s={search_term_string}"},"query-input":{"@type":"PropertyValueSpecification","valueRequired":true,"valueName":"search_term_string"}}],"inLanguage":"de"}]}},"_links":{"self":[{"href":"https:\/\/christina-peter.de\/shop\/wp-json\/wp\/v2\/product\/1175","targetHints":{"allow":["GET"]}}],"collection":[{"href":"https:\/\/christina-peter.de\/shop\/wp-json\/wp\/v2\/product"}],"about":[{"href":"https:\/\/christina-peter.de\/shop\/wp-json\/wp\/v2\/types\/product"}],"wp:featuredmedia":[{"embeddable":true,"href":"https:\/\/christina-peter.de\/shop\/wp-json\/wp\/v2\/media\/1177"}],"wp:attachment":[{"href":"https:\/\/christina-peter.de\/shop\/wp-json\/wp\/v2\/media?parent=1175"}],"wp:term":[{"taxonomy":"product_brand","embeddable":true,"href":"https:\/\/christina-peter.de\/shop\/wp-json\/wp\/v2\/product_brand?post=1175"},{"taxonomy":"product_cat","embeddable":true,"href":"https:\/\/christina-peter.de\/shop\/wp-json\/wp\/v2\/product_cat?post=1175"},{"taxonomy":"product_tag","embeddable":true,"href":"https:\/\/christina-peter.de\/shop\/wp-json\/wp\/v2\/product_tag?post=1175"}],"curies":[{"name":"wp","href":"https:\/\/api.w.org\/{rel}","templated":true}]}}