{"id":1152,"date":"2019-07-23T10:33:09","date_gmt":"2019-07-23T08:33:09","guid":{"rendered":"https:\/\/christina-peter.de\/shop\/?post_type=product&#038;p=1152"},"modified":"2023-07-06T09:58:58","modified_gmt":"2023-07-06T07:58:58","slug":"moisturizing-hair-bath","status":"publish","type":"product","link":"https:\/\/christina-peter.de\/shop\/product\/moisturizing-hair-bath\/","title":{"rendered":"OWAY moisturizing Hair Bath"},"content":{"rendered":"<div class=\"wpb-content-wrapper\"><p>[vc_row][vc_column][vc_column_text]<\/p>\n<header>\n<header>\n<h3 style=\"text-align: left;\">FEUCHTIGKEITSSPENDENDES STYLING GEGEN TROCKENHEIT<\/h3>\n<\/header>\n<div style=\"text-align: left;\">\n<p>Eine synergetische Behandlung, die Reinigung, intensive Feuchtigkeitsmaske und strukturierendes Conditioning vereint. Oway Moisturizing Hair Bath\u00a0 versorgt das Haar tiefenwirksam mit Feuchtigkeit, reduziert gleichzeitig die Porosit\u00e4t und Trockenheit des Haars und verbessert seine Weichheit und Leuchtkraft.<\/p>\n<p>Insbesondere f\u00fcr feines oder dichtes trockenes Haar geeignet, das schnell kraus aussieht und nur schwer k\u00e4mmbar ist. Das Conditioning-Serum ohne Aussp\u00fclen kann auch zwischen zwei Haarw\u00e4schen alleine angewendet werden, um dem Haar Weichheit und Struktur zu verleihen.<\/p>\n<p>TIEFENWIRKSAME FEUCHTIGKEITSQUELLE F\u00dcR TROCKENES, SENSIBLES UND DEHYDRIERTES HAAR.<\/p>\n<\/div>\n<div style=\"text-align: left;\">\n<div><\/div>\n<\/div>\n<div style=\"text-align: left;\">\n<div>\n<section>Trockenes Haar erscheint leblos, matt und bricht leicht. Um weiches und elastisches Haar zu erhalten, muss dem Haar das zugef\u00fchrt werden, was es am meisten ben\u00f6tigt: Wasser und Lipide. Aus diesem Grund verwenden wir f\u00fcr das Produktsortiment MOISTURIZING eine Kombination aus besonders n\u00e4hrstoffspendenden Zutaten wie etwa Murumurufett, Macadamia\u00f6l, Bio-Honig und biodynamische Haseln\u00fcsse. Eine reichhaltige und wertvolle Mischung, die dem Haar Leuchtkraft und Seidenglanz sowie extreme Weichheit spendet.<\/section>\n<\/div>\n<\/div>\n<\/header>\n<section><\/section>\n<section><\/section>\n<section><\/section>\n<section><\/section>\n<section><\/section>\n<p>[\/vc_column_text][vc_empty_space height=&#8220;32&#8243;][vc_separator][vc_empty_space][\/vc_column][\/vc_row][vc_row type=&#8220;boxed&#8220; content_placement=&#8220;middle&#8220;][vc_column width=&#8220;1\/2&#8243; css=&#8220;.vc_custom_1462135333419{padding-top: 28px !important;padding-bottom: 28px !important;}&#8220;][vc_custom_heading text=&#8220;Extrakt aus biodynamischer Haselnuss&#8220; font_container=&#8220;tag:h3|text_align:left&#8220; use_theme_fonts=&#8220;yes&#8220;][vc_empty_space height=&#8220;15px&#8220;][vc_column_text]Verleiht der Haarfaser Weichheit und K\u00e4mmbarkeit. Besonders n\u00e4hrstoffspendend und restrukturierend, ist dieser Wirkstoff insbesondere f\u00fcr die Behandlung von trockenem und dehydriertem Haar geeignet. Dank der enthaltenen Phenole und Tannine wirkt dieser Inhaltsstoff freien Radikalen entgegen und antioxidativ. So wird das Haar vor aggressiven Umwelteinfl\u00fcssen gesch\u00fctzt.[\/vc_column_text][vc_empty_space][\/vc_column][vc_column width=&#8220;1\/2&#8243;][vc_single_image image=&#8220;1934&#8243; img_size=&#8220;full&#8220; alignment=&#8220;right&#8220;][vc_empty_space][\/vc_column][\/vc_row][vc_row css=&#8220;.vc_custom_1461961652033{border-top-width: 1px !important;border-top-color: #eeeeee !important;border-top-style: solid !important;}&#8220;][vc_column][\/vc_column][\/vc_row][vc_row type=&#8220;boxed&#8220; content_placement=&#8220;middle&#8220; el_class=&#8220;nm-row-flex-col-reverse&#8220;][vc_column width=&#8220;1\/2&#8243; css=&#8220;.vc_custom_1462135341599{padding-top: 28px !important;padding-bottom: 28px !important;}&#8220;][vc_custom_heading text=&#8220;Extrakt aus Bio Honig&#8220; font_container=&#8220;tag:h3|text_align:left&#8220; use_theme_fonts=&#8220;yes&#8220;][vc_empty_space height=&#8220;15px&#8220;][vc_column_text]Seit Jahrhunderten f\u00fcr seine vielseitige kosmetische Wirkung bekannt, ist Honig reich an Vitaminen, Zuckern und Spurenelementen. Auf dem Haar wirkt er besonders pflegend, entz\u00fcndungshemmend, feuchtigkeitsspendend und heilend, wobei dem Haar Leuchtkraft, Weichheit und Seidenglanz gespendet wird.[\/vc_column_text][\/vc_column][vc_column width=&#8220;1\/2&#8243;][vc_empty_space][vc_single_image image=&#8220;1933&#8243; img_size=&#8220;full&#8220;][vc_empty_space][\/vc_column][\/vc_row][vc_row css=&#8220;.vc_custom_1461961652033{border-top-width: 1px !important;border-top-color: #eeeeee !important;border-top-style: solid !important;}&#8220;][vc_column][\/vc_column][\/vc_row][vc_row type=&#8220;boxed&#8220; content_placement=&#8220;middle&#8220;][vc_column width=&#8220;1\/2&#8243; css=&#8220;.vc_custom_1462135350237{padding-top: 28px !important;padding-bottom: 28px !important;}&#8220;][vc_custom_heading text=&#8220;Murumurufett aus fairem Handel&#8220; font_container=&#8220;tag:h3|text_align:left&#8220; use_theme_fonts=&#8220;yes&#8220;][vc_empty_space height=&#8220;15px&#8220;][vc_column_text]Die Murumurusamen enthalten ein Fett, das reich an trichoaffinen Proteinen ist, die trockenes, empfindliches und mattes Haar tiefenwirksam reparieren und mit N\u00e4hrstoffen versorgen. Au\u00dferdem tr\u00e4gt das Vorhandensein der essentiellen Fetts\u00e4ure Omega 9 zur Aufrechterhaltung der Verteidigungsmechanismen gegen Umwelteinfl\u00fcsse bei, da die Zellfunktion gest\u00e4rkt wird.[\/vc_column_text][\/vc_column][vc_column width=&#8220;1\/2&#8243;][vc_empty_space][vc_single_image image=&#8220;1932&#8243; img_size=&#8220;full&#8220; alignment=&#8220;right&#8220;][vc_empty_space][\/vc_column][\/vc_row][vc_row css=&#8220;.vc_custom_1461961652033{border-top-width: 1px !important;border-top-color: #eeeeee !important;border-top-style: solid !important;}&#8220;][vc_column][\/vc_column][\/vc_row][vc_row][vc_column][vc_column_text]<\/p>\n<p>[\/vc_column_text][\/vc_column][\/vc_row]<\/p>\n<\/div>","protected":false},"excerpt":{"rendered":"<p>Feuchtigkeitsspendende Haarw\u00e4sche f\u00fcr sehr trockenes und dehydriertes oder grobes und krauses Haar.<\/p>\n<section id=\"accordion-product-details\" class=\"accordion-product-details panel-group dailyact-inner\">\n<article class=\"panel panel-default\">\n<header class=\"panel-heading\">[vc_column][vc_accordion collapsible=&#8220;yes&#8220;][vc_accordion_tab title=&#8220;Vorteile&#8220;][vc_column_text]<\/p>\n<article class=\"panel panel-default\">\n<div id=\"acco-Benefici\" class=\"panel-collapse collapse in\">\n<div class=\"panel-body htmlcontent\">\n<article class=\"panel panel-default\">\n<div id=\"acco-IstruzioniUso\" class=\"panel-collapse collapse in\">\n<div class=\"panel-body htmlcontent\">\n<article class=\"panel panel-default\">\n<div id=\"acco-Benefici\" class=\"panel-collapse collapse in\">\n<div class=\"panel-body htmlcontent\">\n<p>Reinigt, spendet intensiv Feuchtigkeit und gibt dem Inneren der Haarfaser ihr Gleichgewicht zur\u00fcck.<\/p>\n<\/div>\n<\/div>\n<\/article>\n<\/div>\n<\/div>\n<\/article>\n<\/div>\n<\/div>\n<\/article>\n<p>[\/vc_column_text][\/vc_accordion_tab][vc_accordion_tab title=&#8220;Anwendungs des Produkts&#8220;][vc_column_text]<\/p>\n<article class=\"panel panel-default\">\n<div id=\"acco-IstruzioniUso\" class=\"panel-collapse collapse in\">\n<div class=\"panel-body htmlcontent\">\n<p>Im feuchten Haar verteilen, einmassieren und aussp\u00fclen.\u00a0Falls n\u00f6tig wiederholen.<\/p>\n<\/div>\n<\/div>\n<\/article>\n<p>[\/vc_column_text][\/vc_accordion_tab][vc_accordion_tab title=&#8220;Wirkstoffe&#8220;][vc_column_text]<\/p>\n<p><b>Biodynamische Haselnuss<\/b> &#8211; Verleiht der Haarfaser Weichheit und K\u00e4mmbarkeit.<\/p>\n<p><b>Bio-Honig <\/b>&#8211; Pflegt, spendet N\u00e4hrstoffe und sorgt f\u00fcr Glanz.<\/p>\n<p><b>Murumuru aus fairem Handel<\/b> &#8211; Reich an tricho-affinen Proteinen repariert es trockenes, zerbrechliches und mattes Haar und spendet ihm tiefenwirksam N\u00e4hrstoffe.<\/p>\n<p>[\/vc_column_text][\/vc_accordion_tab][vc_accordion_tab title=&#8220;Enth\u00e4lt nicht&#8220;][vc_column_text]<\/p>\n<article class=\"panel panel-default\">\n<div id=\"acco-NonContiene\" class=\"panel-collapse collapse in\">\n<div class=\"panel-body htmlcontent\">\n<p>SLS &amp; SLES \/ PARABENE \/ PETROLATE\/ PEG, PG &amp; BBG \/ EDTA \/ SYNTHETISCHE DUFTSTOFFE \/ K\u00dcNSTLICHE FARBSTOFFE<\/p>\n<\/div>\n<\/div>\n<\/article>\n<p>[\/vc_column_text][\/vc_accordion_tab][vc_accordion_tab title=&#8220;pH Wert&#8220;][vc_column_text]<\/p>\n<p>5,8 \u2013 6,3<\/p>\n<p>[\/vc_column_text][\/vc_accordion_tab]<\/p>\n<p>&nbsp;<\/p>\n<p>[\/vc_accordion][\/vc_column]<\/p>\n<\/header>\n<\/article>\n<\/section>\n","protected":false},"featured_media":1154,"template":"","meta":{"_uf_show_specific_survey":0,"_uf_disable_surveys":false},"product_brand":[],"product_cat":[54,60,85],"product_tag":[],"class_list":{"0":"post-1152","1":"product","2":"type-product","3":"status-publish","4":"has-post-thumbnail","6":"product_cat-haarpflege","7":"product_cat-moisturizing","8":"product_cat-geschenkideen","9":"pa_groesse-240ml","10":"pa_groesse-50ml","12":"first","13":"instock","14":"taxable","15":"shipping-taxable","16":"purchasable","17":"product-type-variable"},"yoast_head":"<!-- This site is optimized with the Yoast SEO plugin v27.4 - https:\/\/yoast.com\/product\/yoast-seo-wordpress\/ -->\n<title>OWAY moisturizing Hair Bath - OWAY Shop<\/title>\n<meta name=\"description\" content=\"Bestellen OWAY moisturizing Hair Bath online im Oway Shop zu den besten Preisen. Kaufe besten pflanzlichen, biologischen und nachhaltigen Haarpflegeprodukte. Besuchen jetzt!\" \/>\n<meta name=\"robots\" content=\"index, follow, max-snippet:-1, max-image-preview:large, max-video-preview:-1\" \/>\n<link rel=\"canonical\" href=\"https:\/\/christina-peter.de\/shop\/product\/moisturizing-hair-bath\/\" \/>\n<meta property=\"og:locale\" content=\"de_DE\" \/>\n<meta property=\"og:type\" content=\"article\" \/>\n<meta property=\"og:title\" content=\"OWAY moisturizing Hair Bath - OWAY Shop\" \/>\n<meta property=\"og:description\" content=\"Bestellen OWAY moisturizing Hair Bath online im Oway Shop zu den besten Preisen. Kaufe besten pflanzlichen, biologischen und nachhaltigen Haarpflegeprodukte. Besuchen jetzt!\" \/>\n<meta property=\"og:url\" content=\"https:\/\/christina-peter.de\/shop\/product\/moisturizing-hair-bath\/\" \/>\n<meta property=\"og:site_name\" content=\"Oway Produkte online kaufen - pflanzliche, biologische &amp; nachhaltige Haarpflegeprodukte\" \/>\n<meta property=\"article:modified_time\" content=\"2023-07-06T07:58:58+00:00\" \/>\n<meta property=\"og:image\" content=\"https:\/\/christina-peter.de\/shop\/wp-content\/uploads\/2019\/07\/moisturizing_hair_bath_g.jpg\" \/>\n\t<meta property=\"og:image:width\" content=\"1600\" \/>\n\t<meta property=\"og:image:height\" content=\"1560\" \/>\n\t<meta property=\"og:image:type\" content=\"image\/jpeg\" \/>\n<meta name=\"twitter:card\" content=\"summary_large_image\" \/>\n<meta name=\"twitter:label1\" content=\"Gesch\u00e4tzte Lesezeit\" \/>\n\t<meta name=\"twitter:data1\" content=\"2\u00a0Minuten\" \/>\n<script type=\"application\/ld+json\" class=\"yoast-schema-graph\">{\"@context\":\"https:\\\/\\\/schema.org\",\"@graph\":[{\"@type\":\"WebPage\",\"@id\":\"https:\\\/\\\/christina-peter.de\\\/shop\\\/product\\\/moisturizing-hair-bath\\\/\",\"url\":\"https:\\\/\\\/christina-peter.de\\\/shop\\\/product\\\/moisturizing-hair-bath\\\/\",\"name\":\"OWAY moisturizing Hair Bath - OWAY Shop\",\"isPartOf\":{\"@id\":\"https:\\\/\\\/christina-peter.de\\\/shop\\\/#website\"},\"primaryImageOfPage\":{\"@id\":\"https:\\\/\\\/christina-peter.de\\\/shop\\\/product\\\/moisturizing-hair-bath\\\/#primaryimage\"},\"image\":{\"@id\":\"https:\\\/\\\/christina-peter.de\\\/shop\\\/product\\\/moisturizing-hair-bath\\\/#primaryimage\"},\"thumbnailUrl\":\"https:\\\/\\\/christina-peter.de\\\/shop\\\/wp-content\\\/uploads\\\/2019\\\/07\\\/moisturizing_hair_bath_g.jpg\",\"datePublished\":\"2019-07-23T08:33:09+00:00\",\"dateModified\":\"2023-07-06T07:58:58+00:00\",\"description\":\"Bestellen OWAY moisturizing Hair Bath online im Oway Shop zu den besten Preisen. Kaufe besten pflanzlichen, biologischen und nachhaltigen Haarpflegeprodukte. Besuchen jetzt!\",\"breadcrumb\":{\"@id\":\"https:\\\/\\\/christina-peter.de\\\/shop\\\/product\\\/moisturizing-hair-bath\\\/#breadcrumb\"},\"inLanguage\":\"de\",\"potentialAction\":[{\"@type\":\"ReadAction\",\"target\":[\"https:\\\/\\\/christina-peter.de\\\/shop\\\/product\\\/moisturizing-hair-bath\\\/\"]}]},{\"@type\":\"ImageObject\",\"inLanguage\":\"de\",\"@id\":\"https:\\\/\\\/christina-peter.de\\\/shop\\\/product\\\/moisturizing-hair-bath\\\/#primaryimage\",\"url\":\"https:\\\/\\\/christina-peter.de\\\/shop\\\/wp-content\\\/uploads\\\/2019\\\/07\\\/moisturizing_hair_bath_g.jpg\",\"contentUrl\":\"https:\\\/\\\/christina-peter.de\\\/shop\\\/wp-content\\\/uploads\\\/2019\\\/07\\\/moisturizing_hair_bath_g.jpg\",\"width\":1600,\"height\":1560},{\"@type\":\"BreadcrumbList\",\"@id\":\"https:\\\/\\\/christina-peter.de\\\/shop\\\/product\\\/moisturizing-hair-bath\\\/#breadcrumb\",\"itemListElement\":[{\"@type\":\"ListItem\",\"position\":1,\"name\":\"Startseite\",\"item\":\"https:\\\/\\\/christina-peter.de\\\/shop\\\/\"},{\"@type\":\"ListItem\",\"position\":2,\"name\":\"Home\",\"item\":\"https:\\\/\\\/christina-peter.de\\\/shop\\\/\"},{\"@type\":\"ListItem\",\"position\":3,\"name\":\"OWAY moisturizing Hair Bath\"}]},{\"@type\":\"WebSite\",\"@id\":\"https:\\\/\\\/christina-peter.de\\\/shop\\\/#website\",\"url\":\"https:\\\/\\\/christina-peter.de\\\/shop\\\/\",\"name\":\"Oway Produkte online kaufen - pflanzliche, biologische &amp; nachhaltige Haarpflegeprodukte\",\"description\":\"Bei uns finden sie alles rund ums gesunde Haar. Wir vertreiben ausschlie\u00dflich pflanzliche, biologische &amp; nachhaltige Haarpflegeprodukte von Oway.\",\"potentialAction\":[{\"@type\":\"SearchAction\",\"target\":{\"@type\":\"EntryPoint\",\"urlTemplate\":\"https:\\\/\\\/christina-peter.de\\\/shop\\\/?s={search_term_string}\"},\"query-input\":{\"@type\":\"PropertyValueSpecification\",\"valueRequired\":true,\"valueName\":\"search_term_string\"}}],\"inLanguage\":\"de\"}]}<\/script>\n<!-- \/ Yoast SEO plugin. -->","yoast_head_json":{"title":"OWAY moisturizing Hair Bath - OWAY Shop","description":"Bestellen OWAY moisturizing Hair Bath online im Oway Shop zu den besten Preisen. Kaufe besten pflanzlichen, biologischen und nachhaltigen Haarpflegeprodukte. Besuchen jetzt!","robots":{"index":"index","follow":"follow","max-snippet":"max-snippet:-1","max-image-preview":"max-image-preview:large","max-video-preview":"max-video-preview:-1"},"canonical":"https:\/\/christina-peter.de\/shop\/product\/moisturizing-hair-bath\/","og_locale":"de_DE","og_type":"article","og_title":"OWAY moisturizing Hair Bath - OWAY Shop","og_description":"Bestellen OWAY moisturizing Hair Bath online im Oway Shop zu den besten Preisen. Kaufe besten pflanzlichen, biologischen und nachhaltigen Haarpflegeprodukte. Besuchen jetzt!","og_url":"https:\/\/christina-peter.de\/shop\/product\/moisturizing-hair-bath\/","og_site_name":"Oway Produkte online kaufen - pflanzliche, biologische &amp; nachhaltige Haarpflegeprodukte","article_modified_time":"2023-07-06T07:58:58+00:00","og_image":[{"width":1600,"height":1560,"url":"https:\/\/christina-peter.de\/shop\/wp-content\/uploads\/2019\/07\/moisturizing_hair_bath_g.jpg","type":"image\/jpeg"}],"twitter_card":"summary_large_image","twitter_misc":{"Gesch\u00e4tzte Lesezeit":"2\u00a0Minuten"},"schema":{"@context":"https:\/\/schema.org","@graph":[{"@type":"WebPage","@id":"https:\/\/christina-peter.de\/shop\/product\/moisturizing-hair-bath\/","url":"https:\/\/christina-peter.de\/shop\/product\/moisturizing-hair-bath\/","name":"OWAY moisturizing Hair Bath - OWAY Shop","isPartOf":{"@id":"https:\/\/christina-peter.de\/shop\/#website"},"primaryImageOfPage":{"@id":"https:\/\/christina-peter.de\/shop\/product\/moisturizing-hair-bath\/#primaryimage"},"image":{"@id":"https:\/\/christina-peter.de\/shop\/product\/moisturizing-hair-bath\/#primaryimage"},"thumbnailUrl":"https:\/\/christina-peter.de\/shop\/wp-content\/uploads\/2019\/07\/moisturizing_hair_bath_g.jpg","datePublished":"2019-07-23T08:33:09+00:00","dateModified":"2023-07-06T07:58:58+00:00","description":"Bestellen OWAY moisturizing Hair Bath online im Oway Shop zu den besten Preisen. Kaufe besten pflanzlichen, biologischen und nachhaltigen Haarpflegeprodukte. Besuchen jetzt!","breadcrumb":{"@id":"https:\/\/christina-peter.de\/shop\/product\/moisturizing-hair-bath\/#breadcrumb"},"inLanguage":"de","potentialAction":[{"@type":"ReadAction","target":["https:\/\/christina-peter.de\/shop\/product\/moisturizing-hair-bath\/"]}]},{"@type":"ImageObject","inLanguage":"de","@id":"https:\/\/christina-peter.de\/shop\/product\/moisturizing-hair-bath\/#primaryimage","url":"https:\/\/christina-peter.de\/shop\/wp-content\/uploads\/2019\/07\/moisturizing_hair_bath_g.jpg","contentUrl":"https:\/\/christina-peter.de\/shop\/wp-content\/uploads\/2019\/07\/moisturizing_hair_bath_g.jpg","width":1600,"height":1560},{"@type":"BreadcrumbList","@id":"https:\/\/christina-peter.de\/shop\/product\/moisturizing-hair-bath\/#breadcrumb","itemListElement":[{"@type":"ListItem","position":1,"name":"Startseite","item":"https:\/\/christina-peter.de\/shop\/"},{"@type":"ListItem","position":2,"name":"Home","item":"https:\/\/christina-peter.de\/shop\/"},{"@type":"ListItem","position":3,"name":"OWAY moisturizing Hair Bath"}]},{"@type":"WebSite","@id":"https:\/\/christina-peter.de\/shop\/#website","url":"https:\/\/christina-peter.de\/shop\/","name":"Oway Produkte online kaufen - pflanzliche, biologische &amp; nachhaltige Haarpflegeprodukte","description":"Bei uns finden sie alles rund ums gesunde Haar. Wir vertreiben ausschlie\u00dflich pflanzliche, biologische &amp; nachhaltige Haarpflegeprodukte von Oway.","potentialAction":[{"@type":"SearchAction","target":{"@type":"EntryPoint","urlTemplate":"https:\/\/christina-peter.de\/shop\/?s={search_term_string}"},"query-input":{"@type":"PropertyValueSpecification","valueRequired":true,"valueName":"search_term_string"}}],"inLanguage":"de"}]}},"_links":{"self":[{"href":"https:\/\/christina-peter.de\/shop\/wp-json\/wp\/v2\/product\/1152","targetHints":{"allow":["GET"]}}],"collection":[{"href":"https:\/\/christina-peter.de\/shop\/wp-json\/wp\/v2\/product"}],"about":[{"href":"https:\/\/christina-peter.de\/shop\/wp-json\/wp\/v2\/types\/product"}],"wp:featuredmedia":[{"embeddable":true,"href":"https:\/\/christina-peter.de\/shop\/wp-json\/wp\/v2\/media\/1154"}],"wp:attachment":[{"href":"https:\/\/christina-peter.de\/shop\/wp-json\/wp\/v2\/media?parent=1152"}],"wp:term":[{"taxonomy":"product_brand","embeddable":true,"href":"https:\/\/christina-peter.de\/shop\/wp-json\/wp\/v2\/product_brand?post=1152"},{"taxonomy":"product_cat","embeddable":true,"href":"https:\/\/christina-peter.de\/shop\/wp-json\/wp\/v2\/product_cat?post=1152"},{"taxonomy":"product_tag","embeddable":true,"href":"https:\/\/christina-peter.de\/shop\/wp-json\/wp\/v2\/product_tag?post=1152"}],"curies":[{"name":"wp","href":"https:\/\/api.w.org\/{rel}","templated":true}]}}